 -5*w + l, 0*w - 228 = -4*w - 3*u. What is the highest common divisor of w and 38?
19
Let y(v) = -v**3 - 25*v**2 - 8*v - 196. Let c be y(-25). Let u = -5 - -37. What is the greatest common divisor of c and u?
4
Suppose 4*o - 49*f + 48*f = 833, 0 = 3*f + 3. What is the greatest common divisor of o and 39?
13
Let q = -64 + 29. Let m = -10 - q. What is the highest common divisor of 275 and m?
25
Suppose -5*c = -3*p - 15, -p - 3 = -c + 3*p. Let a be 1 + 10 + c - 0. Let o = -46 - -88. What is the greatest common divisor of o and a?
14
Let b be 28 + (-5)/(-10)*-14. What is the greatest common factor of 21 and b?
21
Let x = -23 - -24. Let k be x*-2*104/(-8). Suppose -t = -247 + 39. What is the highest common divisor of k and t?
26
Suppose -i + 2*i = 5*h - 9, 3*i - 58 = -2*h. What is the greatest common factor of 64 and i?
16
Let j be (-56)/(-12) + (-8)/12 + 50. Calculate the greatest common divisor of j and 414.
18
Suppose 283 = 5*l - 17. Suppose 0 = 36*m - 118 - 422. What is the highest common divisor of m and l?
15
Let j be 1 + 24 - ((2 - 5) + 4). What is the greatest common divisor of 3 and j?
3
Suppose 5*f - 615 = 4*z, -20 = 15*z - 11*z. What is the greatest common factor of f and 56?
7
Suppose -7*w + y = -4*w - 41, 3*w + 5*y = 11. Calculate the greatest common divisor of 27 and w.
3
Let c be 3/(-1 + -2)*11. Let u(f) = f**3 + 11*f**2 + 2. Let a be u(c). Suppose -a*v + 128 = 2*v. What is the highest common factor of v and 4?
4
Let l = 296 + -259. What is the greatest common divisor of l and 296?
37
Let k = 0 + -2. Let a be ((-8)/(-6) - k)*3. Suppose -16 = -2*b + 14*t - 11*t, 0 = -3*b + 3*t + 18. Calculate the greatest common divisor of b and a.
2
Let y(x) = -x + 7. Let z be y(7). Suppose -i + 20 + 6 = z. Let a = i + -22. Calculate the highest common divisor of a and 28.
4
Suppose 3*h + 7 = 22. Suppose 2*q - 11 = 5*w, 12 = q + h*w - w. Calculate the greatest common factor of 1 and q.
1
Let c(v) = 0*v**2 + 11*v + v**2 - 13*v + 4. Let g be c(-6). Calculate the highest common factor of 13 and g.
13
Let l be (-79)/(-11) - (5 - (-212)/(-44)). What is the highest common factor of 3 and l?
1
Suppose 0 = 3*m + 15, 6*g - 4*m + 5 = g. Let s be 2 + g + 2 + 149. Calculate the greatest common factor of s and 37.
37
Let o = 633 + -608. Calculate the greatest common factor of o and 425.
25
Let p be (2/12 + 8/6)*266. What is the highest common factor of p and 114?
57
Let b = 1273 - 1271. Let r(a) = -a**2 + 9*a - 8. Let u be r(8). Suppose u*q + 4*z = -3*q - 11, -3*q = 3*z + 6. What is the greatest common divisor of q and b?
1
Suppose -f - 15 = 3*f + g, 5*f - 2*g + 9 = 0. Let m = f + -1. Let o be m/(2 - 4) - -3. Calculate the greatest common factor of o and 40.
5
Let g(r) = -55*r + 45. Let s be g(-4). Calculate the greatest common divisor of s and 53.
53
Let a(s) = -s**2 - 11*s - 9. Let j be a(-10). What is the highest common factor of 61 and j?
1
Suppose -4*v - 276 = -5*m, -m + 20 = -2*v - 40. Suppose 0 = z - 5*z + 312. Calculate the greatest common divisor of m and z.
26
Suppose 5*f - 9 = 2*f. Suppose 111 = d - f*g, 0*g = -4*d + 4*g + 468. Suppose 0*z - 4*z + d = 0. Calculate the greatest common divisor of z and 6.
6
Suppose -17*z = -14*z - 36. Let y = 56 - z. Calculate the highest common divisor of y and 4.
4
Let l(m) be the third derivative of m**5/20 + m**4/4 - 5*m**3/6 - 5*m**2. Let s be l(-5). Let d = -6 + 66. Calculate the greatest common factor of d and s.
20
Let l(o) = 11*o**2 + 23*o + 2. Let u be l(6). Calculate the greatest common divisor of u and 8.
8
Suppose 3*j + 43 + 74 = 0. Let a be 26/j*-75*2. Suppose 3*n = -n + 4*z + a, 52 = 2*n - 4*z. Calculate the greatest common divisor of 3 and n.
3
Suppose -205 = -3*b - 5*g - 59, -4*b + 204 = 2*g. Suppose 0*u + 3*u = -3*s + 231, -5*s + 229 = 3*u. What is the greatest common factor of b and u?
26
Suppose 3*r + 2*r = -5*p + 175, 0 = 4*p + 4. Suppose 2*o - 8 = 3*l, -l - 2 = -0*l. Let b = o - -3. What is the highest common divisor of b and r?
4
Suppose 0 = -4*v + 77 + 27. Suppose -3*a = -22 - 14. Suppose -92 = -4*y + a. Calculate the greatest common divisor of v and y.
26
Let v = 524 - 227. Let q = v + 118. Suppose 3*g - 2*a = -2*g + 560, 4*g + 5*a - q = 0. Calculate the highest common factor of g and 44.
22
Let r = -31 + -2. Let q = -28 - r. What is the highest common divisor of q and 50?
5
Let l be (-3)/6*0 - -8. Let q = 3291 + -3287. What is the highest common factor of q and l?
4
Let v = 9 - 2. Suppose 8*f = 57 + v. What is the highest common divisor of 136 and f?
8
Let k = -17 - -71. Let x(o) = 5*o - 4. Let f(q) = q**2 - 5*q - 12. Let b be f(7). Let r be x(b). Calculate the highest common factor of k and r.
6
Let s = -53 + 92. Suppose 0*b = -3*b - 9, -3*z = -3*b - s. Calculate the greatest common divisor of 40 and z.
10
Suppose 3*g - 5*q - 2321 = 0, -2138 = -4*g + 2*q + 966. Calculate the greatest common divisor of g and 42.
21
Let t(d) = 2*d - 20. Let i be t(14). Suppose r = 5*x + 12, r - x - 2*x - 20 = 0. What is the greatest common factor of i and r?
8
Let a = 443 - 431. Calculate the highest common factor of 324 and a.
12
Suppose 4*r - 2 = -4*y + 2, -3*y - 9 = -r. Suppose 3*n + 12 = -0*n. Let b = 37 + n. Calculate the highest common factor of b and r.
3
Suppose -2*f = 2*y - 22 - 160, -2*y + 87 = f. Let a be ((-1)/5 - 551/(-380))*4. Calculate the greatest common factor of a and f.
5
Let b = 579 - 572. Let x = 3 + 4. What is the greatest common factor of x and b?
7
Let j(b) = -b**2 - 5*b + 18. Let i be j(2). What is the greatest common factor of i and 772?
4
Let b(d) = -d**2 - 3*d + 7. Let m be b(-6). Let s = -226 + 230. Let t be (-713)/m + s/22. Calculate the highest common factor of t and 26.
13
Let d(o) = -2*o - 10. Let t be d(-6). Let z be t/(-8) + (-183)/(-12). Calculate the highest common divisor of z and 75.
15
Suppose -5*k = -3*k. Suppose -3*n = 3*w - 36, n + k*w - 3*w = -8. What is the highest common factor of n and 35?
7
Let b = -26480 - -26732. Let z = 6 + -10. Let y = 32 + z. Calculate the greatest common factor of b and y.
28
Let m(b) = 9*b**3 - 10*b**2 + 3*b - 2. Let j be m(2). What is the greatest common divisor of 9 and j?
9
Let y(m) = 2*m. Let i be y(2). Let g = i - 15. Let z be (g - -8)*(0 - 1). Calculate the highest common divisor of z and 33.
3
Suppose -191*d = -192*d + 22. What is the highest common factor of d and 8?
2
Let f be 12 - 8 - 4/2. Suppose 0 = -y + f + 9. Let b(j) = -j**3 + 11*j**2 + 3*j - 3. Let q be b(y). Calculate the highest common factor of 12 and q.
6
Let m(u) = -7*u**2 - 8*u + 9 - 2*u**3 + u**3 - 3. Let n be m(-6). Suppose i - 8 = -2*p, 4*p + i + 0 - n = 0. Calculate the greatest common divisor of 2 and p.
1
Let m(y) = y + 11. Let p be 3/(-6)*-6 - 3. Suppose 4*c + 20 = p, d - 5*c = -1 + 17. Let q be m(d). What is the highest common factor of 1 and q?
1
Suppose -42 = -48*y + 42*y. What is the greatest common divisor of y and 4?
1
Let q = -1538 + 1560. Calculate the greatest common divisor of 33 and q.
11
Suppose b = -3*t + 140, 2*t - 172 = -2*t - 5*b. Suppose -t = -2*g - 2*g. What is the greatest common divisor of 12 and g?
12
Suppose 127 = 7*n + 1. Calculate the greatest common divisor of 9 and n.
9
Suppose -279 = -19*l + 1203. Calculate the highest common divisor of 48 and l.
6
Let y be (-323)/(-3) - (-10)/(-15). Suppose 0 = 4*z + 3*l + 13 - 128, 4*z - 5*l = y. Calculate the highest common divisor of 7 and z.
7
Suppose 4*a + 40 = s - a, 0 = -4*a - 8. Calculate the highest common factor of s and 480.
30
Let l be 23/(-4) - (-2)/(-8). Let m(u) = -u**3 + 2*u**2 + 5*u - 5. Let y be m(1). Let t be 0 - (l - 3)*y. Calculate the highest common divisor of 27 and t.
9
Let b = 374 + -179. Suppose -5*i + 3*l = -b, -30 = -5*l - 5. Let x be (6/9)/(1/21). Calculate the greatest common divisor of i and x.
14
Let j be 3*2/3 + 1. Suppose -41 = -2*f - h, h + 65 = j*f - h. What is the greatest common divisor of f and 147?
21
Let w = 23 - -9. Suppose -3*u = 2*s + w, 0*s - 35 = 4*u - 5*s. Let x = u + 32. Calculate the highest common factor of 33 and x.
11
Let z(o) = 11*o + 1. Suppose -2*s + 4*s - 8 = 0. Let h be z(s). What is the highest common factor of 9 and h?
9
Let v = 40 + 8. Let s(u) = -17*u - 83. Let p be s(-7). Calculate the greatest common factor of v and p.
12
Let m(b) = -93